t t be m(1). Let x(j) = -6*j**2 - j - 2. Determine x(t).
-7
Let p = -91 + 91. Suppose 88 = 4*q - l - 0*l, p = l. Let k(f) = -f + 22. Calculate k(q).
0
Let s(t) be the second derivative of -7*t**4/12 + t**3 + 5*t**2 + 19*t + 4. Determine s(-4).
-126
Let c(j) = -3*j - 2 + 0*j + 5. Let u(f) = 3*f - 4. Let t(z) = -5*c(z) - 4*u(z). Let a(s) = 50*s - 1706. Let k be a(34). Calculate t(k).
-17
Let i(z) be the second derivative of 27*z + 0 - z**3 + 3/2*z**2 + 1/12*z**4. Determine i(5).
-2
Let t(n) = -92 + 7*n + 132 + 79. What is t(-16)?
7
Suppose -t - 24 = -18. Let a(g) = -4*g - 6*g + 4*g + 0*g + 13 + 7*g. What is a(t)?
7
Let m(d) be the first derivative of -d**4/4 + 7*d**3/3 - 19*d**2/2 + 22*d - 12751. What is m(4)?
-6
Let j = 208 - 307. Let n = 93 + j. Let o(z) = -z**2 - 9*z - 9. Calculate o(n).
9
Let f(c) = 2*c**2 - 2*c + 1. Let p(k) = -k**2 + 17*k + 88. Suppose 38 = a - 2*i + 19, 3*i = -4*a + 87. Let t be p(a). Calculate f(t).
25
Let y(q) = 6*q**2 + 8*q + 11. Let b(s) = -s**2. Let m(d) = -5*b(d) - y(d). Suppose -5*u + 1424 - 1507 = 4*p, -2*p - 135 = 11*u. What is m(p)?
-4
Let r(a) = -2 + 9 - 8 - 3 + a + 2*a**2 - a**3. Let k(j) = j**2 + j + 1. Let f(x) = 7*x**2 + 17*x - 6. Let v(o) = f(o) - 5*k(o). Let z be v(-7). What is r(z)?
-10
Let v(o) = -o**3 - 7*o**2 - 7*o. Let d be 6 + 2 + 2/(-1). Suppose d = -160*f + 159*f. Calculate v(f).
6
Let p = -3 - -5. Suppose r + p*j - 1 = 0, -3*j - 1 = -3*r - 7*j. Let s(t) = 6*t + 3. Let o(y) = 11*y + 2. Let n(z) = 2*o(z) - s(z). Calculate n(r).
-15
Suppose 65*u - 60*u - 3*k = -60, 5 = k. Let h(q) = q**3 + 9*q**2 - 2*q - 3. Calculate h(u).
15
Suppose k = -3 + 2. Let x(h) = 14*h**3 - 7*h**2 - 4*h - 27. Let u(t) = 20*t**3 - 10*t**2 - 6*t - 38. Let w(v) = 5*u(v) - 7*x(v). Give w(k).
-2
Let w(c) = 0 - 5 + 2*c + c**2 - c**3 + 0*c - 8*c**2. Suppose -h = 3, 5*q - 25 = 5*h - 0*h. Let u be (-32 + 18)/(0 + q - 0). Determine w(u).
-19
Let u = 47 + -41. Suppose -g + u*g = 185. Let d = -33 + g. Let l(r) = -r - 2. Determine l(d).
-6
Let h(a) be the second derivative of a**3/3 - 11*a**2 - 14*a. Let x = 466 - 453. Determine h(x).
4
Suppose -62*i = -61*i - 50. Let y = -50 + i. Let z = -2 + y. Let s(d) = -3*d - 2. Give s(z).
4
Let v(j) = 15*j**3 - 21*j**2 - 11*j + 26. Let l(w) = 5*w + 111*w**3 - 4*w**2 - 108*w**3 + 0 - 7*w + 5. Let m(x) = 11*l(x) - 2*v(x). Give m(2).
19
Let f(q) be the second derivative of -q**4/12 + 13*q**3/6 - 7*q**2 - 2*q + 40. Suppose -1829*k = -1822*k - 77. Give f(k).
8
Let s(y) = -y**2 + 453*y - 4430. Let b be s(10). Let w(p) be the second derivative of 13/20*p**5 - 15*p + b*p**2 - 1/6*p**3 + 0*p**4 + 0. Determine w(-1).
-12
Suppose 44 = -z + 99. Let m be z/(-35) - (-16)/28. Let r(q) be the second derivative of q**5/10 + q**4/12 + q**3/6 + 2*q. Give r(m).
-2
Let q(n) = -4*n**2 - 1. Let a be q(-2). Let g(c) = c**3 + 16*c**2 - 18*c - 24. What is g(a)?
-7
Let g(y) be the third derivative of 0*y**4 + 1/6*y**3 + 0 + 0*y + 7/60*y**5 + 16*y**2 - 1/120*y**6. Let f = -11 - -18. Give g(f).
1
Let z(k) = -73*k + 72. Let j be z(-3). Let f = 290 - j. Let m(t) = 11*t + 1. Calculate m(f).
-10
Let c(d) be the first derivative of -d**2/2 + 43*d + 1116. What is c(35)?
8
Let a(g) = g**3 - 6*g**2 + 8*g + 9. Suppose 13*u - 6*u + 70*u = 308. Determine a(u).
9
Suppose u = 5*p, -14 = 27*p - 26*p - 3*u. Let k(a) = -p - a**2 + 5*a**2 + 0*a**2 - 3*a**2 + 2*a. Let z = 1 - 0. Determine k(z).
2
Let x(b) be the first derivative of -7*b**2/2 - 18*b - 149. Let v(z) = 3*z - 2. Let r(a) = -3*v(a) - x(a). Determine r(16).
-8
Let t(v) be the second derivative of 3/2*v**3 + 6*v**2 + 1/12*v**4 - 232*v + 0. What is t(-6)?
-6
Let i(g) = -2*g**3 - 7*g**2 - 31*g + 20. Let o(w) = -w**3 - 3*w**2 - 13*w + 9. Let p(m) = 6*i(m) - 13*o(m). Calculate p(6).
9
Let c be (-30 - -30)*(0 - 2/6). Let j(b) be the second derivative of b**4/12 - b**3/6 + 3*b**2 + 3*b. Give j(c).
6
Let n(q) = 34 + 102*q - 35*q - 28*q - q**3 + 39*q**2. Give n(40).
-6
Let x(n) = -8*n - 5 + 0 + 8 - 5. Let h(q) = q**2 + 65*q + 898. Let p be h(-20). Give x(p).
14
Let s(z) = -2*z**2 - 4*z. Suppose 2*t - 3*j - 5 = 4, 0 = t - 3*j - 3. Suppose -28*n - t = -30*n. Suppose -10*k = 33 - n. Determine s(k).
-6
Let m(i) = 7*i - 47*i + 11 + 4 + 0 - 2*i. Calculate m(-4).
183
Suppose 6*o - 50 = 16*o. Let k be 44/(-16)*(-8)/(-7 - o). Let a(s) = s**2 + 13*s + 17. Calculate a(k).
-5
Let j(p) = p**3 + 3*p - 3. Let a(d) = d**3 + d**2. Let n(b) = 2*a(b) - j(b). Let z be n(-3). Suppose z + 5 = 2*m. Let r(v) = -2*v - 3. Determine r(m).
-11
Suppose -6*l + 2 = -5*l. Let y(f) = 54 + 2*f**3 - 56 - 2*f**3 - f**3 + 7*f**l + f. Suppose 27 = 4*r - 1. Calculate y(r).
5
Let m be 2*66/12 + (-27 - -34). Let b(s) = -2*s + 22. What is b(m)?
-14
Let p(r) = -r**3 - 10*r**2 - 32*r - 45. Suppose 149*s = 72*s - 462. Calculate p(s).
3
Let s = -9 - -13. Suppose -9*i = 2*d - 5*i - 12, -5*d = i - 12. Let l(k) = -1551 - s*k + k**3 + 5*k**d + 1551. Calculate l(-6).
-12
Let f(h) = -h**3 + 4*h**2 - 2*h + 15. Suppose -29640*j = -29647*j + 35. Calculate f(j).
-20
Let v = -1043 + 1053. Suppose 0 = 9*h + v*b - 12*b + 36, 0 = -h - 5*b - 4. Let z(q) = -q - 1. Let a(i) = -4*i - 3. Let g(l) = a(l) - 2*z(l). Give g(h).
7
Let w(p) = -2*p + 2. Let y(c) be the third derivative of c**5/30 + 7*c**4/12 + 25*c**3/6 + 36*c**2. Let i be y(-4). What is w(i)?
0
Let a(c) = c**2 - 7*c - 77. Suppose -2*d + 28 - 70 = 5*d. Calculate a(d).
1
Suppose -17 = 3*z - 59. Let v = 95 + -98. Let b be ((-1)/v)/(z/(-294)). Let p(r) = -r**2 - 7*r - 2. Give p(b).
-2
Let u(x) = -5*x**3 + x**2 - 13*x + 5. Let j(g) = 2*g - 9. Let r be j(8). Let w(m) = -2*m**3 + m**2 - 6*m + 3. Let y(a) = r*w(a) - 3*u(a). Give y(-5).
-4
Let z = 56 - 31. Suppose -55*r = -50*r - z. Let d(s) = -r - s - 14 + s**2 + 29 - 13. Give d(3).
3
Let q(c) be the first derivative of c**2/2 + 20*c + 1746. What is q(-7)?
13
Let j be (436752/127386)/((-1)/(28/6)). Let r(k) be the third derivative of k**5/60 + 13*k**4/24 - 7*k**3/2 - k**2. Determine r(j).
27
Let a(p) = p**3 - 8*p**2 + 6*p + 1. Let v be (-101 - -2)*(-3)/36*4. Suppose -159 = -3*i - v. Let h be 16/(-24)*i/(-4). What is a(h)?
-6
Suppose 2*v + j + j = 0, 7*v + 3*j = 8. Let k(z) = -2*z + 1. Calculate k(v).
-3
Let c = -71 - -76. Let i(x) = -2 + 2*x - 2*x - c*x**2 - x + 1. Let v be i(-1). Let p(u) = u**3 + 6*u**2 + 4*u - 2. Determine p(v).
3
Let n(c) = -21*c - 2. Let d(r) = 27*r + 3. Let t(b) = 5*d(b) + 6*n(b). Give t(1).
12
Let w(k) be the third derivative of -1/30*k**6 + 0 + 1/12*k**4 + 101*k**2 + 1/3*k**3 + 0*k - 1/60*k**5. Determine w(-2).
26
Let k(s) be the third derivative of s**7/1680 - 13*s**6/720 - 67*s**5/60 - s**4/12 - s**2 - 2. Let t(b) be the third derivative of k(b). Give t(6).
5
Let z be (-6 + (-69)/(-6))*204. Let t(v) = -2248*v + z*v + 1130*v - 30. Calculate t(9).
6
Let j be (-12)/(-3) + 5 + -4. Let d(u) = 3*u - 6 + 2 - 5 + 1 + 1. What is d(j)?
8
Let k(x) = -x**3 + 9*x + 113. Let c be ((-85)/(-34) + 5/(-2))/5. Calculate k(c).
113
Suppose -3*q + 9 = 3. Suppose q*y + 3 + 27 = 4*r, 3*y - 3*r = -30. Let k(p) = p + 1. Give k(y).
-4
Suppose -246 - 1255 = -79*p. Let a(v) = 17*v - 330. Determine a(p).
-7
Let m(i) be the third derivative of i**7/840 - i**6/72 + i**5/40 - i**4/2 + 67*i**3/3 + i**2 + 44*i. Let c(r) be the first derivative of m(r). What is c(5)?
3
Let g(x) = -9*x - 4. Let b(k) = 16*k + 7. Suppose 4*o = -4*m - 44, -o - 3*m - 19 - 2 = 0. Let n(l) = o*b(l) - 11*g(l). Give n(6).
20
Let y(m) = 23*m**2. Let u(f) = 0 + 3*f**2 - 6*f - 2*f**2 - 17 - 10 - 14. Let l be u(10). What is y(l)?
23
Let j(w) = -36*w**2 + 74*w + 2. Let l be j(2). Let d(c) = -c**2 - c + 31. Give d(l).
-11
Let v(c) = -c**2 + 14*c - 23. Let p be v(12). Let r(j) = 2*j**2 + j. Let d(y) = -3*y**2 + 12*y - 18. Let w(n) = p*d(n) + r(n). Give w(12).
-6
Suppose 6*j - 4*j = -3*l - 21, -4*j + 35 = -5*l. Let k = -4 - -12. Let x(b) = -k*b - 2 + 0 - 1 + 1 - b**2. Calculate x(l).
5
Let a(f) = 8*f - 16. Let k be a(1). Let i(u) = 2*u + 3. Let m(p) = -p - 1. Let y(s) = -3*i(s) - 7*m(s). What is y(k)?
-10
Suppose 2*g + 4*r = -2*g - 32, g - r = 0. Let y(v) = -260*v + 1 + 5*v**2 + 264*v - 4*v**2. Give y(g).
1
Suppose -5*g - 30 = g. Suppose 0*q = 5*q - 20. Let d(n) = 5*n**3 + 4*n**2 - n - 8. Let j(x) = -11*x**3 - 8*x**2 + x + 17. Let k(c) = q*j(c) + 9*d(c). Give k(g).
-4
Let s(f) be the secon